{"id":229,"date":"2024-03-03T16:05:03","date_gmt":"2024-03-03T15:05:03","guid":{"rendered":"http:\/\/alpha-technologie.com\/?page_id=229"},"modified":"2024-03-08T16:55:47","modified_gmt":"2024-03-08T15:55:47","slug":"brouillard-antivol","status":"publish","type":"page","link":"http:\/\/alpha-technologie.com\/?page_id=229","title":{"rendered":"Brouillard antivol"},"content":{"rendered":"[vc_row fullwidth=\u00a0\u00bbtrue\u00a0\u00bb css=\u00a0\u00bb.vc_custom_1709901364886{background-image: url(http:\/\/alpha-technologie.com\/wp-content\/uploads\/2024\/03\/brouillard.jpg?id=232) !important;}\u00a0\u00bb][vc_column][mk_padding_divider size=\u00a0\u00bb103&Prime;][mk_padding_divider size=\u00a0\u00bb500&Prime;][\/vc_column][\/vc_row][vc_row][vc_column][\/vc_column][\/vc_row][vc_row][vc_column width=\u00a0\u00bb1\/2&Prime;][vc_custom_heading text=\u00a0\u00bbProt\u00e9gez Votre Monde avec Notre Solution de S\u00e9curit\u00e9 In\u00e9gal\u00e9e : Le Brouillard Anti-Vol\u00a0\u00bb google_fonts=\u00a0\u00bbfont_family:Aclonica%3Aregular|font_style:400%20regular%3A400%3Anormal\u00a0\u00bb][vc_column_text css=\u00a0\u00bb.vc_custom_1709902155506{margin-bottom: 0px !important;}\u00a0\u00bb]\n<h5>Prot\u00e9gez Votre Propri\u00e9t\u00e9 avec la Puissance du Brouillard<\/h5>\n<h6>Qu&rsquo;est-ce que le Brouillard Anti-Vol?<\/h6>\n<p>Le brouillard anti-vol est une technologie de s\u00e9curit\u00e9 innovante con\u00e7ue pour dissuader et arr\u00eater les intrusions. Il lib\u00e8re un brouillard \u00e9pais en quelques secondes, r\u00e9duisant la visibilit\u00e9 \u00e0 pratiquement z\u00e9ro. Cette strat\u00e9gie d\u00e9fensive extr\u00eamement efficace compl\u00e9mente vos syst\u00e8mes de s\u00e9curit\u00e9 existants.[\/vc_column_text][\/vc_column][vc_column width=\u00a0\u00bb1\/2&Prime;][mk_padding_divider size=\u00a0\u00bb20&Prime;][mk_image src=\u00a0\u00bbhttp:\/\/alpha-technologie.com\/wp-content\/uploads\/2024\/03\/h14ffead4aa6d4659be8f9233e29df516q.jpg\u00a0\u00bb image_width=\u00a0\u00bb907&Prime; image_height=\u00a0\u00bb931&Prime;][\/vc_column][\/vc_row]\n","protected":false},"excerpt":{"rendered":"<p>[vc_row fullwidth=\u00a0\u00bbtrue\u00a0\u00bb css=\u00a0\u00bb.vc_custom_1709901364886{background-image: url(http:\/\/alpha-technologie.com\/wp-content\/uploads\/2024\/03\/brouillard.jpg?id=232) !important;}\u00a0\u00bb][vc_column][mk_padding_divider size=\u00a0\u00bb103&Prime;][mk_padding_divider size=\u00a0\u00bb500&Prime;][\/vc_column][\/vc_row][vc_row][vc_column][\/vc_column][\/vc_row][vc_row][vc_column width=\u00a0\u00bb1\/2&Prime;][vc_custom_heading text=\u00a0\u00bbProt\u00e9gez Votre Monde avec Notre Solution de S\u00e9curit\u00e9 In\u00e9gal\u00e9e : Le Brouillard Anti-Vol\u00a0\u00bb google_fonts=\u00a0\u00bbfont_family:Aclonica%3Aregular|font_style:400%20regular%3A400%3Anormal\u00a0\u00bb][vc_column_text css=\u00a0\u00bb.vc_custom_1709902155506{margin-bottom: 0px !important;}\u00a0\u00bb] Prot\u00e9gez Votre Propri\u00e9t\u00e9 avec la Puissance du Brouillard Qu&rsquo;est-ce que le Brouillard Anti-Vol? Le brouillard anti-vol est une technologie de s\u00e9curit\u00e9 innovante con\u00e7ue pour dissuader et arr\u00eater les intrusions. Il [&hellip;]<\/p>\n","protected":false},"author":1,"featured_media":0,"parent":0,"menu_order":0,"comment_status":"closed","ping_status":"closed","template":"","meta":{"footnotes":""},"class_list":["post-229","page","type-page","status-publish","hentry"],"yoast_head":"<!-- This site is optimized with the Yoast SEO plugin v23.5 - https:\/\/yoast.com\/wordpress\/plugins\/seo\/ -->\n<title>Brouillard antivol - Alpha Tech<\/title>\n<meta name=\"robots\" content=\"index, follow, max-snippet:-1, max-image-preview:large, max-video-preview:-1\" \/>\n<link rel=\"canonical\" href=\"http:\/\/alpha-technologie.com\/?page_id=229\" \/>\n<meta property=\"og:locale\" content=\"fr_FR\" \/>\n<meta property=\"og:type\" content=\"article\" \/>\n<meta property=\"og:title\" content=\"Brouillard antivol - Alpha Tech\" \/>\n<meta property=\"og:description\" content=\"[vc_row fullwidth=\u00a0\u00bbtrue\u00a0\u00bb css=\u00a0\u00bb.vc_custom_1709901364886{background-image: url(http:\/\/alpha-technologie.com\/wp-content\/uploads\/2024\/03\/brouillard.jpg?id=232) !important;}\u00a0\u00bb][vc_column][mk_padding_divider size=\u00a0\u00bb103&Prime;][mk_padding_divider size=\u00a0\u00bb500&Prime;][\/vc_column][\/vc_row][vc_row][vc_column][\/vc_column][\/vc_row][vc_row][vc_column width=\u00a0\u00bb1\/2&Prime;][vc_custom_heading text=\u00a0\u00bbProt\u00e9gez Votre Monde avec Notre Solution de S\u00e9curit\u00e9 In\u00e9gal\u00e9e : Le Brouillard Anti-Vol\u00a0\u00bb google_fonts=\u00a0\u00bbfont_family:Aclonica%3Aregular|font_style:400%20regular%3A400%3Anormal\u00a0\u00bb][vc_column_text css=\u00a0\u00bb.vc_custom_1709902155506{margin-bottom: 0px !important;}\u00a0\u00bb] Prot\u00e9gez Votre Propri\u00e9t\u00e9 avec la Puissance du Brouillard Qu&rsquo;est-ce que le Brouillard Anti-Vol? Le brouillard anti-vol est une technologie de s\u00e9curit\u00e9 innovante con\u00e7ue pour dissuader et arr\u00eater les intrusions. Il [&hellip;]\" \/>\n<meta property=\"og:url\" content=\"http:\/\/alpha-technologie.com\/?page_id=229\" \/>\n<meta property=\"og:site_name\" content=\"Alpha Tech\" \/>\n<meta property=\"article:publisher\" content=\"https:\/\/www.facebook.com\/profile.php?id=61555275631156\" \/>\n<meta property=\"article:modified_time\" content=\"2024-03-08T15:55:47+00:00\" \/>\n<meta property=\"og:image\" content=\"http:\/\/alpha-technologie.com\/wp-content\/uploads\/2023\/08\/logo-seydou.jpg\" \/>\n\t<meta property=\"og:image:width\" content=\"800\" \/>\n\t<meta property=\"og:image:height\" content=\"437\" \/>\n\t<meta property=\"og:image:type\" content=\"image\/jpeg\" \/>\n<meta name=\"twitter:card\" content=\"summary_large_image\" \/>\n<meta name=\"twitter:label1\" content=\"Dur\u00e9e de lecture estim\u00e9e\" \/>\n\t<meta name=\"twitter:data1\" content=\"1 minute\" \/>\n<script type=\"application\/ld+json\" class=\"yoast-schema-graph\">{\"@context\":\"https:\/\/schema.org\",\"@graph\":[{\"@type\":\"WebPage\",\"@id\":\"http:\/\/alpha-technologie.com\/?page_id=229\",\"url\":\"http:\/\/alpha-technologie.com\/?page_id=229\",\"name\":\"Brouillard antivol - Alpha Tech\",\"isPartOf\":{\"@id\":\"http:\/\/alpha-technologie.com\/#website\"},\"datePublished\":\"2024-03-03T15:05:03+00:00\",\"dateModified\":\"2024-03-08T15:55:47+00:00\",\"breadcrumb\":{\"@id\":\"http:\/\/alpha-technologie.com\/?page_id=229#breadcrumb\"},\"inLanguage\":\"fr-FR\",\"potentialAction\":[{\"@type\":\"ReadAction\",\"target\":[\"http:\/\/alpha-technologie.com\/?page_id=229\"]}]},{\"@type\":\"BreadcrumbList\",\"@id\":\"http:\/\/alpha-technologie.com\/?page_id=229#breadcrumb\",\"itemListElement\":[{\"@type\":\"ListItem\",\"position\":1,\"name\":\"Accueil\",\"item\":\"http:\/\/alpha-technologie.com\/\"},{\"@type\":\"ListItem\",\"position\":2,\"name\":\"Brouillard antivol\"}]},{\"@type\":\"WebSite\",\"@id\":\"http:\/\/alpha-technologie.com\/#website\",\"url\":\"http:\/\/alpha-technologie.com\/\",\"name\":\"Alpha Tech\",\"description\":\"Votre s\u00e9curit\u00e9, notre priorit\u00e9\",\"publisher\":{\"@id\":\"http:\/\/alpha-technologie.com\/#organization\"},\"alternateName\":\"Alpha tech\",\"potentialAction\":[{\"@type\":\"SearchAction\",\"target\":{\"@type\":\"EntryPoint\",\"urlTemplate\":\"http:\/\/alpha-technologie.com\/?s={search_term_string}\"},\"query-input\":{\"@type\":\"PropertyValueSpecification\",\"valueRequired\":true,\"valueName\":\"search_term_string\"}}],\"inLanguage\":\"fr-FR\"},{\"@type\":\"Organization\",\"@id\":\"http:\/\/alpha-technologie.com\/#organization\",\"name\":\"Alpha Tech\",\"alternateName\":\"alphatech\",\"url\":\"http:\/\/alpha-technologie.com\/\",\"logo\":{\"@type\":\"ImageObject\",\"inLanguage\":\"fr-FR\",\"@id\":\"http:\/\/alpha-technologie.com\/#\/schema\/logo\/image\/\",\"url\":\"http:\/\/alpha-technologie.com\/wp-content\/uploads\/2023\/08\/logo-seydou.jpg\",\"contentUrl\":\"http:\/\/alpha-technologie.com\/wp-content\/uploads\/2023\/08\/logo-seydou.jpg\",\"width\":800,\"height\":437,\"caption\":\"Alpha Tech\"},\"image\":{\"@id\":\"http:\/\/alpha-technologie.com\/#\/schema\/logo\/image\/\"},\"sameAs\":[\"https:\/\/www.facebook.com\/profile.php?id=61555275631156\"]}]}<\/script>\n<!-- \/ Yoast SEO plugin. -->","yoast_head_json":{"title":"Brouillard antivol - Alpha Tech","robots":{"index":"index","follow":"follow","max-snippet":"max-snippet:-1","max-image-preview":"max-image-preview:large","max-video-preview":"max-video-preview:-1"},"canonical":"http:\/\/alpha-technologie.com\/?page_id=229","og_locale":"fr_FR","og_type":"article","og_title":"Brouillard antivol - Alpha Tech","og_description":"[vc_row fullwidth=\u00a0\u00bbtrue\u00a0\u00bb css=\u00a0\u00bb.vc_custom_1709901364886{background-image: url(http:\/\/alpha-technologie.com\/wp-content\/uploads\/2024\/03\/brouillard.jpg?id=232) !important;}\u00a0\u00bb][vc_column][mk_padding_divider size=\u00a0\u00bb103&Prime;][mk_padding_divider size=\u00a0\u00bb500&Prime;][\/vc_column][\/vc_row][vc_row][vc_column][\/vc_column][\/vc_row][vc_row][vc_column width=\u00a0\u00bb1\/2&Prime;][vc_custom_heading text=\u00a0\u00bbProt\u00e9gez Votre Monde avec Notre Solution de S\u00e9curit\u00e9 In\u00e9gal\u00e9e : Le Brouillard Anti-Vol\u00a0\u00bb google_fonts=\u00a0\u00bbfont_family:Aclonica%3Aregular|font_style:400%20regular%3A400%3Anormal\u00a0\u00bb][vc_column_text css=\u00a0\u00bb.vc_custom_1709902155506{margin-bottom: 0px !important;}\u00a0\u00bb] Prot\u00e9gez Votre Propri\u00e9t\u00e9 avec la Puissance du Brouillard Qu&rsquo;est-ce que le Brouillard Anti-Vol? Le brouillard anti-vol est une technologie de s\u00e9curit\u00e9 innovante con\u00e7ue pour dissuader et arr\u00eater les intrusions. Il [&hellip;]","og_url":"http:\/\/alpha-technologie.com\/?page_id=229","og_site_name":"Alpha Tech","article_publisher":"https:\/\/www.facebook.com\/profile.php?id=61555275631156","article_modified_time":"2024-03-08T15:55:47+00:00","og_image":[{"width":800,"height":437,"url":"http:\/\/alpha-technologie.com\/wp-content\/uploads\/2023\/08\/logo-seydou.jpg","type":"image\/jpeg"}],"twitter_card":"summary_large_image","twitter_misc":{"Dur\u00e9e de lecture estim\u00e9e":"1 minute"},"schema":{"@context":"https:\/\/schema.org","@graph":[{"@type":"WebPage","@id":"http:\/\/alpha-technologie.com\/?page_id=229","url":"http:\/\/alpha-technologie.com\/?page_id=229","name":"Brouillard antivol - Alpha Tech","isPartOf":{"@id":"http:\/\/alpha-technologie.com\/#website"},"datePublished":"2024-03-03T15:05:03+00:00","dateModified":"2024-03-08T15:55:47+00:00","breadcrumb":{"@id":"http:\/\/alpha-technologie.com\/?page_id=229#breadcrumb"},"inLanguage":"fr-FR","potentialAction":[{"@type":"ReadAction","target":["http:\/\/alpha-technologie.com\/?page_id=229"]}]},{"@type":"BreadcrumbList","@id":"http:\/\/alpha-technologie.com\/?page_id=229#breadcrumb","itemListElement":[{"@type":"ListItem","position":1,"name":"Accueil","item":"http:\/\/alpha-technologie.com\/"},{"@type":"ListItem","position":2,"name":"Brouillard antivol"}]},{"@type":"WebSite","@id":"http:\/\/alpha-technologie.com\/#website","url":"http:\/\/alpha-technologie.com\/","name":"Alpha Tech","description":"Votre s\u00e9curit\u00e9, notre priorit\u00e9","publisher":{"@id":"http:\/\/alpha-technologie.com\/#organization"},"alternateName":"Alpha tech","potentialAction":[{"@type":"SearchAction","target":{"@type":"EntryPoint","urlTemplate":"http:\/\/alpha-technologie.com\/?s={search_term_string}"},"query-input":{"@type":"PropertyValueSpecification","valueRequired":true,"valueName":"search_term_string"}}],"inLanguage":"fr-FR"},{"@type":"Organization","@id":"http:\/\/alpha-technologie.com\/#organization","name":"Alpha Tech","alternateName":"alphatech","url":"http:\/\/alpha-technologie.com\/","logo":{"@type":"ImageObject","inLanguage":"fr-FR","@id":"http:\/\/alpha-technologie.com\/#\/schema\/logo\/image\/","url":"http:\/\/alpha-technologie.com\/wp-content\/uploads\/2023\/08\/logo-seydou.jpg","contentUrl":"http:\/\/alpha-technologie.com\/wp-content\/uploads\/2023\/08\/logo-seydou.jpg","width":800,"height":437,"caption":"Alpha Tech"},"image":{"@id":"http:\/\/alpha-technologie.com\/#\/schema\/logo\/image\/"},"sameAs":["https:\/\/www.facebook.com\/profile.php?id=61555275631156"]}]}},"_links":{"self":[{"href":"http:\/\/alpha-technologie.com\/index.php?rest_route=\/wp\/v2\/pages\/229","targetHints":{"allow":["GET"]}}],"collection":[{"href":"http:\/\/alpha-technologie.com\/index.php?rest_route=\/wp\/v2\/pages"}],"about":[{"href":"http:\/\/alpha-technologie.com\/index.php?rest_route=\/wp\/v2\/types\/page"}],"author":[{"embeddable":true,"href":"http:\/\/alpha-technologie.com\/index.php?rest_route=\/wp\/v2\/users\/1"}],"replies":[{"embeddable":true,"href":"http:\/\/alpha-technologie.com\/index.php?rest_route=%2Fwp%2Fv2%2Fcomments&post=229"}],"version-history":[{"count":8,"href":"http:\/\/alpha-technologie.com\/index.php?rest_route=\/wp\/v2\/pages\/229\/revisions"}],"predecessor-version":[{"id":245,"href":"http:\/\/alpha-technologie.com\/index.php?rest_route=\/wp\/v2\/pages\/229\/revisions\/245"}],"wp:attachment":[{"href":"http:\/\/alpha-technologie.com\/index.php?rest_route=%2Fwp%2Fv2%2Fmedia&parent=229"}],"curies":[{"name":"wp","href":"https:\/\/api.w.org\/{rel}","templated":true}]}}